 is the millions digit of 1697542?
1
What is the ten thousands digit of 295052?
9
What is the ten thousands digit of 78822?
7
What is the thousands digit of 385187?
5
What is the millions digit of 8285502?
8
What is the units digit of 118740?
0
What is the hundred thousands digit of 482172?
4
What is the tens digit of 2071241?
4
What is the thousands digit of 10364292?
4
What is the ten thousands digit of 1272985?
7
What is the ten thousands digit of 5248967?
4
What is the hundred thousands digit of 568607?
5
What is the hundred thousands digit of 1467862?
4
What is the hundreds digit of 397657?
6
What is the hundreds digit of 2548307?
3
What is the hundreds digit of 1741525?
5
What is the hundred thousands digit of 1133313?
1
What is the hundreds digit of 12963192?
1
What is the thousands digit of 321094?
1
What is the hundreds digit of 7321061?
0
What is the hundreds digit of 180166?
1
What is the tens digit of 107680?
8
What is the hundreds digit of 22798499?
4
What is the units digit of 22422?
2
What is the hundred thousands digit of 5201227?
2
What is the hundreds digit of 433362?
3
What is the thousands digit of 15248445?
8
What is the tens digit of 499125?
2
What is the tens digit of 8349726?
2
What is the tens digit of 27489573?
7
What is the tens digit of 1889212?
1
What is the tens digit of 1218241?
4
What is the ten millions digit of 11715722?
1
What is the tens digit of 14536356?
5
What is the thousands digit of 542760?
2
What is the millions digit of 11112917?
1
What is the hundred thousands digit of 208384?
2
What is the units digit of 112551?
1
What is the thousands digit of 12825455?
5
What is the thousands digit of 3487927?
7
What is the hundred thousands digit of 211882?
2
What is the tens digit of 398171?
7
What is the ten thousands digit of 7608808?
0
What is the millions digit of 21058540?
1
What is the units digit of 4512335?
5
What is the tens digit of 3297182?
8
What is the ten thousands digit of 468660?
6
What is the hundred thousands digit of 2149269?
1
What is the hundreds digit of 275376?
3
What is the units digit of 896780?
0
What is the thousands digit of 74952?
4
What is the hundred thousands digit of 30072073?
0
What is the tens digit of 147731?
3
What is the millions digit of 3241972?
3
What is the hundred thousands digit of 1016120?
0
What is the ten thousands digit of 3045105?
4
What is the hundreds digit of 522718?
7
What is the ten millions digit of 12742792?
1
What is the thousands digit of 2498637?
8
What is the hundreds digit of 1000060?
0
What is the tens digit of 3842246?
4
What is the tens digit of 929894?
9
What is the millions digit of 2258114?
2
What is the units digit of 197910?
0
What is the hundreds digit of 3114655?
6
What is the tens digit of 194552?
5
What is the tens digit of 137071?
7
What is the hundreds digit of 1661762?
7
What is the tens digit of 864224?
2
What is the tens digit of 6334857?
5
What is the hundreds digit of 240792?
7
What is the tens digit of 12820728?
2
What is the hundreds digit of 211098?
0
What is the units digit of 344866?
6
What is the hundreds digit of 191803?
8
What is the hundred thousands digit of 160070?
1
What is the tens digit of 570381?
8
What is the units digit of 22373892?
2
What is the units digit of 367440?
0
What is the millions digit of 1497149?
1
What is the thousands digit of 272390?
2
What is the tens digit of 278311?
1
What is the tens digit of 192540?
4
What is the tens digit of 2299066?
6
What is the units digit of 6430821?
1
What is the hundred thousands digit of 1288636?
2
What is the thousands digit of 1486272?
6
What is the thousands digit of 7265992?
5
What is the ten thousands digit of 55757?
5
What is the tens digit of 498417?
1
What is the ten thousands digit of 166678?
6
What is the hundreds digit of 800552?
5
What is the hundred thousands digit of 389407?
3
What is the millions digit of 1301399?
1
What is the hundred thousands digit of 6377446?
3
What is the hundreds digit of 775547?
5
What is the hundred thousands digit of 13090741?
0
What is the thousands digit of 5467276?
7
What is the hundred thousands digit of 8863463?
8
What is the ten thousands digit of 4269129?
6
What is the hundred thousands digit of 282650?
2
What is the tens digit of 14133201?
0
What is the thousands digit of 23517163?
7
What is the thousands digit of 391454?
1
What is the tens digit of 63338?
3
What is the thousands digit of 135358?
5
What is the ten thousands digit of 18011145?
1
What is the units digit of 511587?
7
What is the tens digit of 4698515?
1
What is the tens digit of 176818?
1
What is the millions digit of 7142196?
7
What is the hundreds digit of 28447914?
9
What is the ten millions digit of 17174044?
1
What is the tens digit of 3476915?
1
What is the hundred thousands digit of 2411520?
4
What is the units digit of 538155?
5
What is the thousands digit of 294648?
4
What is the thousands digit of 3195929?
5
What is the hundreds digit of 7689466?
4
What is the tens digit of 43613?
1
What is the ten thousands digit of 997340?
9
What is the hundreds digit of 5362420?
4
What is the thousands digit of 92364?
2
What is the thousands digit of 2224241?
4
What is the hundreds digit of 242525?
5
What is the units digit of 220734?
4
What is the hundreds digit of 77760?
7
What is the hundreds digit of 3354550?
5
What is the thousands digit of 424202?
4
What is the millions digit of 7379336?
7
What is the tens digit of 195613?
1
What is the units digit of 733695?
5
What is the units digit of 600775?
5
What is the hundred thousands digit of 1381873?
3
What is the ten thousands digit of 156612?
5
What is the thousands digit of 18386210?
6
What is the hundreds digit of 3901581?
5
What is the tens digit of 7031?
3
What is the units digit of 639219?
9
What is the thousands digit of 2050822?
0
What is the thousands digit of 1135895?
5
What is the hundred thousands digit of 12620021?
6
What is the units digit of 1366483?
3
What is the hundred thousands digit of 734913?
7
What is the tens digit of 755228?
2
What is the ten thousands digit of 28465?
2
What is the hundreds digit of 142598?
5
What is the tens digit of 18796943?
4
What is the units digit of 161031?
1
What is the millions digit of 14844376?
4
What is the thousands digit of 3166154?
6
What is the hundreds digit of 2438561?
5
What is the tens digit of 48488?
8
What is the units digit of 97755?
5
What is the millions digit of 39020696?
9
What is the units digit of 368278?
8
What is the millions digit of 3617177?
3
What is the tens digit of 633035?
3
What is the thousands digit of 9186428?
6
What is the millions digit of 3921058?
3
What is the ten thousands digit of 689942?
8
What is the tens digit of 859965?
6
What is the hundreds digit of 683069?
0
What is the hundreds digit of 1617112?
1
What is the hundreds digit of 447349?
3
What is the hundreds digit of 1472732?
7
What is the hundreds digit of 568635?
6
What is the hundred thousands digit of 1130448?
1
What is the hundreds digit of 6683449?
4
What is the thousands digit of 3936165?
6
What is the tens digit of 313052?
5
What is the ten thousands digit of 21313872?
1
What is the thousands digit of 320133?
0
What is the units digit of 139821?
1
What is the tens digit of 80481?
8
What is the hundred thousands digit of 7570510?
5
What is the units digit of 4767998?
8
What is the hundred thousands digit of 6962686?
9
What is the hundred thousands digit of 841437?
8
What is the hundred thousands digit of 5024560?
0
What is the hundred thousands digit of 2635493?
6
What is the thousands digit of 9641877?
1
What is the thousands digit of 130448?
0
What is the hundred thousands digit of 899800?
8
What is the hundreds digit of 4582218?
2
What is the thousands digit of 8928198?
8
What is the ten thousands digit of 10508716?
0
What is the tens digit of 474741?
4
What is the millions digit of 2507092?
2
What is the thousands digit of 2583033?
3
What is the hundred thousands digit of 261560?
2
What is the hundreds digit of 672630?
6
What is the thousands digit of 164758?
4
What is the ten thousands digit of 22152314?
5
What is the thousands digit of 811325?
1
What is the thousands digit of 19189?
9
What is the units digit of 330608?
8
What is the hundreds digit of